 common factor of 3 and h?
1
Let c(q) = 22*q**2 + 49*q - 11. Let k be c(-4). What is the greatest common divisor of k and 10?
5
Suppose -4*a - 120 = -c, 3*a = -5*c + 3*c + 185. Suppose -4*v - 2*y = -306, -4*v + c = -3*y - 201. Calculate the highest common divisor of 38 and v.
38
Suppose 18*v = 22*v, 4*r - 3*v - 2660 = 0. Calculate the highest common factor of 19 and r.
19
Suppose 4*t = -3*c - 0*c - 5, 0 = 2*t + 10. Let b = 13 + -11. Suppose 5 - 3 = b*a. What is the highest common divisor of a and c?
1
Let g be 9*(2 - 4/(-3)). Suppose -m - g = -4*m. What is the highest common divisor of 110 and m?
10
Let y be (-6)/(-4)*24/18 + -2. Suppose 5*z + 5*x - 255 = y, -95 = -4*z - x + 118. Let c be 1 - 0 - 13*-2. What is the greatest common divisor of z and c?
27
Suppose -p + 2 = -0*p. Suppose -5*q - 25 = -o - o, 4*q + 20 = -3*o. Suppose o*s + 3 = s. Calculate the highest common factor of p and s.
1
Suppose -3*b = k - 9, k + 3 + 0 = b. Let l be 107/5 - b/(-5). What is the highest common factor of 198 and l?
22
Suppose m = 5*m + 32. Let a = m - -27. What is the greatest common factor of 76 and a?
19
Let l = 13 + -12. Suppose o - 5 = -l. Suppose k - 5*z - 1 = 0, -4*k - 37 = -5*k - o*z. Calculate the highest common factor of k and 105.
21
Let r = -32 + 37. Let s be ((-86)/(-3))/(2/(-6)). Let k = s - -131. Calculate the greatest common factor of r and k.
5
Let p(y) = -12*y - 209. Let i be p(-19). Calculate the highest common factor of i and 817.
19
Suppose -k - 2*i = -11, -4*k = -3*i - 2*i - 109. Let z(s) = s**2 + 8*s - 6. Let y be z(-9). Calculate the greatest common factor of y and k.
3
Suppose -u = -2*u + 8. Let x = 11 - u. Let n be 12 - (x + -2) - 1. Calculate the greatest common factor of 90 and n.
10
Suppose 5*a = -34 + 64. Suppose 0 = u + 3*h - 3, 2*u - 4*h = -3*h + 20. Calculate the greatest common factor of a and u.
3
Suppose -132 + 4 = -q - 4*y, 2*q = -y + 256. Suppose -4*w = w - 80. What is the highest common factor of q and w?
16
Let g(f) = -1. Let k(o) = -2*o**2 - o - 2. Let w(b) = 3*g(b) - k(b). Let c be w(3). Calculate the greatest common divisor of 4 and c.
4
Let z = -71 - -194. Suppose d + 73 = 4*d - 2*t, 5*d - 4*t = z. Let u be 14/(-49) - (-2902)/14. What is the highest common factor of d and u?
23
Let z = -48 + 134. Suppose -21 = 5*h - z. Calculate the highest common divisor of h and 52.
13
Let l = 12 + 9. Let r = -16 + l. Suppose -r*p - 12 = -4*n, -5*n = -0*n + 4*p - 56. Calculate the greatest common divisor of 56 and n.
8
Let n = -18 + 35. Let k(u) = -2*u**3 + 46*u**2 + 13*u - 163. Let p be k(23). What is the greatest common divisor of p and n?
17
Let l(f) = 2*f**2 - f - 8. Let z be ((-1)/(-3))/(2/18). Let v be l(z). Calculate the highest common factor of v and 49.
7
Let u = -66 + 71. Let n = -9 + 10. Suppose u = k - n. Calculate the highest common factor of 66 and k.
6
Let m(u) = -u**3 - u**2 - u + 2. Let h be m(0). Let r = 26 - h. Suppose 2*o - o = 8. What is the highest common factor of r and o?
8
Suppose -14 = 22*c - 29*c. Let q(n) = 4*n**3 - 6*n**2 + 7*n + 0*n**2 - 3*n**3. Let k be q(5). Calculate the highest common factor of k and c.
2
Suppose -2*a + 4*t = -2, a - 18 = -a - 4*t. Suppose 9*g - 80 = a*g. What is the greatest common divisor of 5 and g?
5
Suppose -3*b - a + 35 = 0, -b + 30 = 5*a - 5. Suppose 5*d - b*d = -130. Calculate the greatest common factor of 39 and d.
13
Suppose 0 = n - 1 - 1. Let h = 2 + n. Suppose 3*c + 0*g = -h*g + 4, 20 = 3*c - 4*g. Calculate the greatest common factor of c and 2.
2
Let g = -86 - -93. Let l = 35 - g. Calculate the highest common divisor of l and 308.
28
Let f = -810 - -1395. What is the highest common factor of f and 39?
39
Let o = -73 - -122. Let a(p) = p**2 - 8*p - 13. Let q = 1 + 9. Let c be a(q). Calculate the greatest common divisor of c and o.
7
Let g be 6 + 12/(-4) - 47. Let x be 1 - (-3)/((-12)/g). Let h = -9 + x. What is the greatest common factor of 24 and h?
3
Suppose 11 = 4*c + o - 4*o, 2*c + 5*o - 25 = 0. Let r = c + 0. Suppose t = -t + 2. What is the highest common factor of t and r?
1
Let u(d) = 22*d. Let j be u(-1). Let c be -2 - (-4 + -2 + j). Suppose 6*o = 3*o + 78. Calculate the highest common divisor of o and c.
26
Suppose 594 = 5*t + 534. What is the greatest common divisor of t and 852?
12
Suppose -875 = -2*v - 3*v. Suppose -k + 4 = -0. Suppose -13 = -l - 3*p, k*l - 46 = 2*l - p. Calculate the highest common divisor of v and l.
25
Suppose 386*l = 395*l - 468. Calculate the greatest common divisor of 65 and l.
13
Let u be 700/300 - (-188)/3. Let b be (-77)/(-3) - 3/(-9). What is the greatest common factor of u and b?
13
Let y = -16 + 61. Let w = y + -20. Suppose 5*f = w + 5. What is the greatest common factor of 15 and f?
3
Let w be ((-13)/(-2))/(1/2). Let j(k) = k**3 - 6*k**2 + 4*k + 4. Let g be j(6). Let y be (2 - -24)*(-3 + g/8). What is the highest common divisor of w and y?
13
Suppose m + 3*m = 8. Suppose 48 = -y + m*y. What is the highest common divisor of y and 24?
24
Let m(c) be the first derivative of -c**4/4 - 4*c**3/3 + 2*c + 12. Let w be m(-4). Suppose w*l + 15 = 99. Calculate the highest common factor of 6 and l.
6
Suppose 8*p + 1971 - 8107 = 0. Calculate the highest common divisor of p and 26.
13
Let y(z) = -z - 6. Let k be y(-11). Suppose 173 = k*q - 157. Let n = 168 + -69. Calculate the greatest common divisor of q and n.
33
Suppose -4*v + 57 + 3 = 0. Let f be 2/14*-3 - 248/(-56). Suppose 3*h = -2*h, u = -f*h + v. What is the highest common factor of u and 165?
15
Let k = -66 - -92. Calculate the highest common divisor of k and 52.
26
Let i = -508 + 983. Calculate the highest common factor of 25 and i.
25
Let n(y) = -y**2 - 8*y - 6. Let d be n(-7). Suppose -d = -3*q + 5. Let b be 24*(q + 1/2). What is the greatest common divisor of 6 and b?
6
Let o = 822 + -332. What is the greatest common factor of o and 210?
70
Suppose -280 = -4*i + 8*i. Let g = 0 - i. Calculate the greatest common divisor of 28 and g.
14
Let r(v) = -v**3 - 2*v + 7. Let l be r(0). Suppose -4*m = -l - 57. Suppose 286 = 3*n - 242. Calculate the highest common divisor of m and n.
16
Suppose 6 = 2*a - m, 0 = 2*a + m - 6. Suppose 4*l - d + 24 - 139 = 0, -9 = a*d. Calculate the highest common factor of l and 7.
7
Let c = -756 + 443. Let v be c/(-7) - (-4)/14. Suppose -35 = -5*z + v. Calculate the highest common divisor of 24 and z.
8
Let d be 2/7 - (-4)/(-14). Suppose -v - 59 + 87 = d. Calculate the highest common divisor of v and 28.
28
Suppose 13*c = 14*c - 29. Suppose -4*q - 3*l + c = 0, -3*l + 34 = 5*q - 0*q. What is the highest common divisor of q and 15?
5
Let q(g) = 89*g**2 - 41*g - 4. Let l be q(-3). Calculate the highest common factor of 32 and l.
8
Let l be 8/48 + (-2)/(24/(-46)). What is the greatest common factor of 38 and l?
2
Let v(h) = -h**3 + 16*h**2 + 24*h + 56. Let j be v(17). Calculate the highest common divisor of 75 and j.
25
Suppose 4*z - 472 = 4*b, 3*b + 2*b = -4*z - 608. Let y = b + 134. Calculate the highest common divisor of 42 and y.
14
Let q = -4 + 18. Let v be ((-44)/q + -4)*-7. Calculate the highest common divisor of v and 10.
10
Let h = 713 - 238. What is the greatest common divisor of 25 and h?
25
Let a be (-33)/(-7) - ((-132)/(-28) + -5). Suppose -a*m - 2*p = -138, 50 + 36 = 3*m + 2*p. What is the highest common factor of 2 and m?
2
Let n be 0/(-1) + (4 - 2 - 0). Suppose -49 - 79 = -n*f. Calculate the greatest common factor of f and 4.
4
Suppose 0 = -f + 51 + 74. Suppose -31*x + 56*x - 625 = 0. What is the greatest common factor of x and f?
25
Suppose -1265 + 305 = -6*d. Calculate the greatest common divisor of d and 20.
20
Let f(n) = -n**3 - 11*n**2 + 6. Let d be f(-11). Let l = d - 5. Let j be l + (-6)/(-4)*2. Calculate the highest common factor of j and 10.
2
Let y be (6/9)/(4/18) + -3. Suppose -53 = -5*w - 2*r, -w + 5*r + 16 = -y*w. Calculate the highest common factor of 88 and w.
11
Suppose 10799 = -18*p + 33371. What is the highest common divisor of 171 and p?
57
Suppose 0 = 4*d + d - 140. Let z = 6276 + -6052. What is the greatest common factor of d and z?
28
Let l = 507 - 78. Let b(p) = -p**3 - 6*p**2 - 3*p + 21. Let m be b(-6). Calculate the highest common divisor of m and l.
39
Let x = -80 - -135. Let p = 305 + x. What is the highest common div